highest common factor of 224375 and 375?
125
Calculate the highest common factor of 1 and 307.
1
Calculate the greatest common divisor of 73851 and 35133.
717
Calculate the greatest common divisor of 145 and 3247565.
145
What is the greatest common factor of 161 and 42301?
7
Calculate the greatest common factor of 94 and 45449.
47
Calculate the greatest common divisor of 1422940 and 30.
10
What is the greatest common factor of 725 and 32045?
145
Calculate the greatest common factor of 112 and 253512.
56
Calculate the greatest common divisor of 574 and 13342.
14
Calculate the greatest common divisor of 568524 and 231.
33
Calculate the greatest common divisor of 72 and 411.
3
Calculate the highest common factor of 746175 and 300.
75
What is the highest common factor of 8020 and 20?
20
What is the greatest common factor of 401 and 17304353?
401
What is the greatest common factor of 87320 and 1665?
185
What is the highest common divisor of 180093 and 2082?
1041
What is the highest common factor of 24803 and 2159?
17
Calculate the greatest common divisor of 99 and 26114.
11
What is the greatest common factor of 1211 and 363127?
173
What is the highest common factor of 46592 and 6916?
364
Calculate the highest common divisor of 13055 and 2315957.
2611
Calculate the greatest common factor of 243 and 42948.
9
What is the highest common divisor of 425 and 7616?
17
Calculate the greatest common divisor of 656938 and 21705.
1447
Calculate the greatest common factor of 253884 and 24.
12
Calculate the highest common factor of 99 and 39787.
11
Calculate the greatest common factor of 235426 and 530.
106
What is the greatest common factor of 162 and 1916766?
18
Calculate the highest common divisor of 162372 and 378.
42
What is the highest common factor of 8033251 and 491?
491
What is the highest common divisor of 115 and 325945?
5
What is the greatest common divisor of 1480 and 49380?
20
What is the highest common factor of 166281 and 6966?
129
What is the highest common factor of 2015 and 4550?
65
What is the greatest common divisor of 474695 and 335?
335
What is the greatest common factor of 1344 and 567?
21
Calculate the greatest common divisor of 49 and 17.
1
What is the highest common factor of 45 and 15450?
15
Calculate the highest common factor of 1910 and 160.
10
Calculate the greatest common factor of 102 and 6098070.
102
Calculate the highest common divisor of 677322 and 1356.
678
What is the greatest common factor of 142380 and 36?
36
Calculate the greatest common factor of 52 and 1866670.
26
Calculate the greatest common divisor of 133131 and 199.
199
What is the highest common factor of 50 and 219140?
10
Calculate the highest common factor of 44 and 15653.
11
What is the greatest common divisor of 410 and 1430?
10
What is the greatest common divisor of 72154 and 602?
86
What is the greatest common divisor of 93050 and 20?
10
Calculate the greatest common factor of 30 and 1869330.
30
What is the greatest common divisor of 156 and 18?
6
Calculate the highest common divisor of 11 and 44.
11
Calculate the highest common divisor of 233912 and 14.
14
Calculate the greatest common divisor of 120 and 75160.
40
Calculate the greatest common factor of 1797 and 701429.
599
Calculate the greatest common divisor of 354 and 2109722.
118
What is the greatest common divisor of 2223 and 14649?
57
What is the highest common divisor of 25587 and 45?
9
Calculate the highest common factor of 140353 and 1079.
83
Calculate the highest common divisor of 4264968 and 912.
456
What is the greatest common factor of 1023659 and 7?
7
Calculate the highest common divisor of 1493124 and 108.
12
What is the greatest common factor of 1505178 and 18?
18
What is the highest common divisor of 688 and 89526?
86
Calculate the greatest common factor of 108 and 4136.
4
What is the greatest common factor of 31494 and 6206?
58
What is the highest common divisor of 662823 and 167?
167
Calculate the greatest common divisor of 1792 and 224256.
256
Calculate the greatest common factor of 219 and 2110722.
219
Calculate the highest common divisor of 25455 and 15.
15
Calculate the greatest common divisor of 506 and 3483810.
506
What is the highest common divisor of 925 and 19795?
185
Calculate the highest common divisor of 153 and 3417.
51
What is the greatest common factor of 7872 and 17088?
192
Calculate the highest common divisor of 190 and 702012.
38
What is the highest common divisor of 4832 and 5738?
302
Calculate the highest common divisor of 57980 and 12042.
446
Calculate the highest common factor of 4640 and 176117.
29
What is the highest common divisor of 3168158 and 322?
322
What is the highest common factor of 38 and 85006?
38
What is the highest common divisor of 144 and 13744?
16
What is the highest common divisor of 23 and 437?
23
Calculate the highest common factor of 26880 and 150.
30
Calculate the highest common factor of 9379 and 48929.
113
What is the highest common divisor of 219 and 68547?
219
Calculate the highest common factor of 124 and 118823.
31
What is the greatest common factor of 5076 and 84224?
188
What is the greatest common divisor of 136 and 235348?
68
What is the highest common factor of 9216 and 3968?
128
Calculate the highest common factor of 1671482 and 632.
158
Calculate the greatest common factor of 1956 and 13236.
12
Calculate the greatest common divisor of 26730 and 4785.
165
What is the highest common divisor of 39 and 678639?
39
Calculate the greatest common factor of 182256 and 144.
48
What is the highest common factor of 41008 and 308?
44
Calculate the highest common factor of 123464 and 5856.
488
What is the highest common divisor of 3335 and 85?
5
What is the greatest common divisor of 42 and 3052098?
42
Calculate the greatest common factor of 165956 and 42.
14
What is the greatest common factor of 596 and 2305924?
596
What is the greatest common divisor of 902965 and 70?
35
What is the highest common divisor of 22236 and 38352?
204
Calculate the highest common factor of 54937 and 21253.
401
What is the highest common factor of 9519 and 1938?
57
What is the highest common divisor of 2581 and 957?
29
What is the highest common divisor of 93455 and 1?
1
What is the greatest common divisor of 2923 and 30488?
37
What is the greatest common divisor of 2198 and 15700?
314
Calculate the greatest common factor of 640 and 523360.
160
What is the highest common factor of 584934 and 741?
57
What is the greatest common divisor of 135749 and 22475?
899
Calculate the greatest common factor of 5690 and 230.
10
Calculate the highest common factor of 112 and 674072.
56
What is the highest common factor of 24949 and 1636?
409
What is the highest common divisor of 8266950 and 90?
90
Calculate the greatest common divisor of 524649 and 537.
537
Calculate the greatest common divisor of 108 and 41850.
54
What is the greatest common factor of 529725 and 350?
175
Calculate the greatest common divisor of 1339578 and 162.
162
Calculate the greatest common divisor of 1134 and 59346.
378
Calculate the highest common factor of 789432 and 168.
168
What is the highest common divisor of 3857 and 38019?
551
Calculate the greatest common divisor of 11 and 1791031.
11
Calculate the greatest common divisor of 80 and 381560.
40
Calculate the highest common divisor of 11781 and 1056.
33
Calculate the highest common divisor of 1827 and 22881.
87
Calculate the highest common factor of 665 and 4123.
133
What is the highest common divisor of 336685 and 680?
85
Calculate the greatest common divisor of 753961 and 4915.
983
What is the highest common factor of 389 and 43?
1
Calculate the greatest common divisor of 426 and 2871.
3
Calculate the highest common factor of 80260 and 1470.
10
Calculate the greatest common factor of 702892 and 52.
4
Calculate the highest common factor of 81224 and 936.
104
Calculate the highest common divisor of 14 and 7126.
14
Calculate the highest common factor of 988 and 3068.
52
Calculate the highest common factor of 39 and 76375.
13
Calculate the greatest common factor of 104365 and 50.
5
What is the greatest common factor of 36 and 300?
12
What is the greatest common divisor of 15949 and 123?
41
What is the greatest common factor of 319331 and 31?
31
Calcu